+ 1 + 10.
54
What is the value of -40 + -38 + (-6 + 36 - 12) + 11?
-49
Evaluate -2 - 24 - (53 - 28 - 49).
-2
What is -1 - 2 - -74 - 7 - (-14 - (0 + -13))?
65
Calculate (25 - (51 - 48)) + -8.
14
Evaluate (-19 + 45 - -85) + -9 - 27.
75
Evaluate -8401 + 8402 + (-18 - (4 + -2)).
-19
Evaluate 20 - -42 - (37 + -50 + 42).
33
Calculate (-177 - -249 - 67) + 13 + 2.
20
Evaluate 39 - (0 + (0 - -22) - (-126 + 139)).
30
-14 + 8 - (30 - 23) - (-8 + 2)
-7
Calculate 25 - (37 - (10 + -8)) - -1 - (-91 - 1).
83
34 + -20 - (13 + (9 - -1) + 24)
-33
What is -63 + 99 + -42 - (2 + 18)?
-26
What is (-4 - (-70 - 0)) + 75 + (-62 - 14)?
65
1 - (-29 + (-21 - -33)) - -58
76
What is the value of (-19 - 5 - -12 - (-15 - -5)) + 51 + -2?
47
What is (6 - 0 - (-37 - (-165 - 26))) + (5 - 0)?
-143
Evaluate 13 - (12 + (19 - 39) + 19).
2
(-16 + 20 - 16) + 24 - (-4 - -10)
6
What is the value of (42 - (-46 + 88)) + (0 - (-2 + 42))?
-40
Evaluate 423 + -284 + -125 + (-1 - 136).
-123
Evaluate -45 - (-5 - (-9 + 5 + -1 + 4)) - 10.
-51
(6 - -84) + -2 - (3 - -26 - 12)
71
What is -37 - (-11 - (-21 + -8 + 9 - (4 - 13)))?
-37
What is -6 + -3 + -8 - (-41 - -58)?
-34
What is the value of 75 - 71 - (-6 - 12)?
22
Evaluate 49 + 45 + -91 + -56 + (1 - 0).
-52
(1 - 1) + 2 + (31 - 62) + 30
1
What is the value of -89 + 12 + 7 + 1 + (2 - 2)?
-69
What is 47 + 40 + -48 + -1?
38
41 + 4 + -8 + (9 - 5) + -13
28
What is -53 - ((2 + 13 + -11 - 5) + 8)?
-60
What is (15 - (28 + -15 - -27)) + 27?
2
What is 991 + -1007 + -5 + 67?
46
What is the value of 30 + -35 - -23 - 11?
7
-48 + 0 + -39 + 7 + -7 + 18
-69
(441 - 429 - (1 + -5)) + -4 + -10
2
26 + -27 - (0 + -15) - (308 - 241)
-53
-38 + (-3 - (6 - 22 - -2 - -11)) + 9
-29
-19 - (-4 + -46 + (-7 - -35)) - (69 + 1)
-67
What is 7 + -4 + (3 - (-4 - (0 + -4))) - 72?
-66
Evaluate (-1 - 6) + (45 - 48) + 63 + -2.
51
What is 22 + (-1 - 0) + -8 + -133 - 8?
-128
What is the value of 16 - ((-28 - (-63 + 22)) + (-1 - 10))?
14
What is (6 - (2 + 23) - -7) + (-4 - (-73 + 4))?
53
What is the value of -43 - (5 - (-1 - (13 + -24)))?
-38
Calculate (-124 - -137 - (-4 + -1 + 5)) + -84.
-71
Evaluate -9 + -20 + 15 + -4 + -10 + -20.
-48
Evaluate 0 - 12 - ((6 - (57 - 28)) + 48).
-37
What is the value of 94 + -113 + -12 + 3 + (138 - 4)?
106
27 + (-25 - -12) - 29 - 13
-28
(-29 - (-34 + 33)) + 29 + 9
10
Calculate (86 - 8) + -1 + -7 + 829 + -809.
90
What is -11 + 2 + (31 - 81) + 67 + -34?
-26
What is the value of -10 - 4 - (-6 + (-19 + 18 - -1))?
-8
What is the value of -53 + (63 - 19) + 43?
34
Calculate -57 - (3 + 8 + -15 + (-10 - -6)).
-49
Calculate (37 - -1) + 1306 + -1335 + (1 - (-1 + 13)).
-2
-60 - 2 - (-48 + 20 - -27)
-61
What is the value of -4 - 4 - (-14 - 38)?
44
Evaluate 11 + -21 + (-12 - -1) - -105.
84
What is (9 - 5) + (2 + -14 - 4) + -18?
-30
-3 + (12 - 1) + -36 + (-26 - -43)
-11
What is -37 + 11 + (16 - -22) + 16?
28
What is 1 + (0 - 3) - 3 - (5802 - 5795)?
-12
What is (0 - 7 - 1) + 65 + 6 + -14 + -11?
38
Evaluate -15 + 1 - (-138 - (-67 + -25)).
32
-1 + 12 - (19 - (14 - -2) - -7) - 54
-53
(-33 - 1) + 2 + -5 + (98 - 110)
-49
(-3 - (3 - (3 + 6) - 4)) + (-60 - 1)
-54
32 + 41 + 28 + -54
47
What is the value of 22 - 25 - 10 - (-70 + 18)?
39
What is the value of (3 + (-13 - 1) - -5) + 3 - 1 - -103?
99
4 - -2 - ((-15 - 14) + 29 + -3)
9
What is -7 - -4 - (67 + -71) - (-17 - 0)?
18
What is the value of (-21 - (17 + 9)) + 116?
69
Evaluate (-27 - (17 - (18 - -45))) + (-3 - (-2 + 0)).
18
What is the value of 7 + 55 + -35 + -18 + 1 - (4 - -48)?
-42
What is (15 - (6 + 33)) + 12 + 1 + -11?
-22
What is (3 - 35 - 12) + 40 + 16 + -1?
11
What is the value of 132 + (2 - 16 - (287 - 260))?
91
Evaluate (-53 + 29 - -37) + 77 - -30.
120
What is the value of -32 - -53 - 24 - -5 - -17?
19
What is -73 - (16 + 1 + -1 + -26)?
-63
8 - ((-13 - (-77 - -114)) + (6 - 1))
53
Evaluate (-49 - 32) + -5 + 1.
-85
What is the value of -28 - (95 + 2 + -52)?
-73
What is the value of -54 + 46 + -33 + -5 + 1 + 14?
-31
58 - (5 + -6 + (15 - 7))
51
What is the value of -89 + (6 - (24 + -14)) - (-11 + 22)?
-104
Evaluate -213 + 195 + (-1 - (-6 - -3)).
-16
Calculate 16 + 17 + 34 + -59 + -57.
-49
What is the value of -30 + (16 - (7 + -14) - 9) - -4?
-12
Evaluate -17 - (-2 - -2 - 15 - -1).
-3
What is 3936 + -3936 - (1 - (-3 + (2 - 40)))?
-42
Calculate 91 + (-245 - (122 + -194)).
-82
What is the value of -4 + 10 + 0 - -21 - (-22 - -16)?
33
What is the value of 111 + (-229 - -40 - -76)?
-2
0 + 1 + (-2 - 29 - -43) - 11
2
(1 - (-1 - 0) - -16) + (-168 - -180)
30
Evaluate 24 + (-13 - (-16 + -1) - 13).
15
What is the value of 15 + -2 - (23 - ((-24 - -24) + -5))?
-15
Evaluate 62 + -128 - (50 + -83).
-33
What is the value of -12 + (-2 - 10) + 8 + 5 - -11?
0
What is the value of (-7 + -5 + -5 - -10 - 0) + 57 - 10?
40
Calculate 4 - 9 - ((-10 - (-15 - -5)) + (-27 - -7)).
15
What is 50 + (-27 - -23 - -31) - 15?
62
What is 20 + (-60 + 48 - -9)?
17
What is 326 - (-142 - -443) - (-41 - 0)?
66
Evaluate -2 - 70 - (-3 + (32 - 43) + 6 + 22).
-86
Evaluate (1 - -29) + (151 - -191 - 318).
54
-7 + (10 + 1 - (-13 - -3 - -12))
2
Evaluate 1 + (-9 + -1 - (-27 - (-16 - 4))) + 67.
65
Calculate -1 + 1 + (0 - 7) - (-5699 - -5663).
29
What is 0 + 108 + -697 + 612?
23
Evaluate (-18 - (5 + 4)) + (-2 - (-1 - 6)) + -6.
-28
What is the value of 15 + (-45 - -39) - (8 - 28)?
29
(30 + -1 - (-1061 - -1092)) + (42 - -1)
41
Evaluate -16 + 25 - 26 - ((-12 - 1) + 56).
-60
17 + (-83 - -24) + -6 + 0
-48
What is 2 + -97 - -56 - -15?
-24
What is the value of -2 + -7 + 4 + -61 + 5 + 21?
-40
What is the value of 70 + -35 + -90 - (0 - 2)?
-53
23 + (-20 + -5 - (49 + -34))
-17
What is (-1 - 8) + 32 + -1 - 13?
9
Calculate -9 + -15 + 24 - (2 - -9 - 5).
-6
What is (30 - 0) + -47 + (-45 - 27)?
-89
What is the value of -74 - -9 - -67 - -51?
53
Calculate -41 - -47 - (-7 + 38 + 2).
-27
What is 14 + -11 + 27 - (-9 + 3 + 11)?
25
What is the value of -12 - (-89 - (16 + -55 + 10))?
48
Evaluate -6 + -1 + (-28 - -9 - -27) + (46 - 0).
47
((17 - -26) + -18 - -32) + (9 - -1)
67
Calculate 9 - ((31 - -26) + -32 - 28).
12
-24853 + 24750 - (15 + -1)
-117
What is (23 + 20 + 3 + -138 - (-6 + 1)) + 3?
-84
What is the value of (-134 - (-16 + -11 + 10 + 4)) + -16 + -3?
-140
Evaluate 2 + 14 + -40 + -10 + 12.
-22
What is the value of (-81 - (-5 - 9)) + (9 - (36 - 8))?
-86
What is the value of (-59 - -51 - -74) + (2 - (0 - 3 - 2))?
73
-4763 - -4877 - (98 - 4)
20
What is the value of (13 - -3) + -66 + 43 + -19?
-26
21 + (15 - (-25 - (-25 - -13))) + 11
60
Evaluate -49 - (-12 + (-1 - -16) + -19).
-33
Calculate -65 + (-39 + 2 + 13 - -29).
-60
Calculate -42 + (-25 - (67 + -91) - (-2 + 0 - -9)).
-50
Evaluate (-4 - -1) + (9 - (-16 - -31)) + -73 - -12.
-70
Evaluate 8 - ((-5 - (-3 + 3)) + -5 - (-171 + 150)).
-3
Calculate -2 + -3 + -10 + 3 + 1 + 1248 + -1307.
-70
(88 + -147 - -224) + -42
123
Evaluate -4 - (-7 - 21) - (39 + -13).
-2
What is (17 - 3) + 6 + -23 + 9 + 2?
8
What is the value of -17 - (-11 + 14) - (58 - 50)?
-28
Calculate 82 + 6 + -41 - 69.
-22
Evaluate 1 + 88 + (-842 - -799).
46
8 + 2 + (-17 + 37 + -16 - 8) + 57
63
What is the value of 10913 + -10912 - (-22 - (1 + 0))?
24
(-3 - -6) + 49 + -55 + -3
-6
(61 - 78 - (5 + -8)) + (3 + -1 - 122)
-134
What is -23 - -18 - -10 - (-58 + 6 - 8)?
65
What is the value of 22 + (2 - 4 - -1 - (44 + (-91 - -45)))?
23
37 - (16 - 5) - (-17 - -4)
39
Evaluate (13 - (18 - (0 + -1 + 10))) + -45.
-41
Evaluate -7 + (-40 - -15 - ((-3 - -3) + -11)).
-21
-35 - (75 + -10 + -6 + -18)
-76
Evaluate -18 - (-2 - 36) - (0 + 75).
-55
What is the value of -111 - -125 - (1 - -19 - 8)?
2
What is 39 + -19 + -14 + (7 - 15) + 51?
49
Calculate (8 + 11 + -77 + -4 - -11) + 1 + 0.
-50
What is 110 + (-104 + 53 - 142)?
-83
-4 + (-86 - (-38 - -14 - -8) - -11)
-63
Evaluate -54 + (-8 - (-10 + -8) - (4 - (-1 - 3))).
-52
What is -42 + 30 + -8 + 66?
46
What is 31 + (-40 - -5 - 29)?
-33
Calculate 14 + (141 - 81) + -71.
3
What is the value of (24 - (22 + 31)) + 4 + -70 + 1?
-94
What is the value of (2 - -1) + -18 + 153 + -13 + 3 - -3?
131
What is the value of (13 + -15 + 3 - (-1 - 60)) + 37 + -39?
60
(4 - -5) + (41 - (-8 + -2 - -2))
58
-144 - -191 - 58 - -103
92
Evaluate 18 + (21 - -36) + -104.
-29
Calculate 18 + -17 + (4 - -9 - (-8 - -7)).
15
Calculate (-51 + 57 - -9) + -61.
-46
What is the value of -53 + 74 + (-7 -